 of -13 + (0 - -6) + 1?
-6
Calculate 33 - (-49 - -13 - -85).
-16
What is -12 + -14 + (6 - -2)?
-18
What is (212 - 225) + 1 + -6?
-18
What is 83 + -47 + (-9 - 4) + 2?
25
What is the value of 2 + -12 + 13 - -1 - -4?
8
20 + 10 + -24 - 14
-8
Evaluate 4 - (0 - 1) - (0 - (1 - 10)).
-4
Evaluate 1 + 2 + (0 - -3) + -4 - -14.
16
Calculate (-6 + (-1 - 4) - -7) + 4 + 2.
2
Calculate 4 + (1 - 17) - (-6 - -10 - 5).
-11
What is the value of (-22 + 19 - (-12 - 0)) + 6 + -3?
12
Evaluate 21 - (-19 + -18 + 62).
-4
What is the value of -2 + (-5 + -5 - (1 + -8)) + 2?
-3
What is (9 - -3) + (-5 - (-11 + 7))?
11
Calculate 10 + (-1 - 9) + 5.
5
Evaluate 4 + -1 - 1 - (-74 - (-78 + 5)).
3
-7 + -2 + 0 - (-7 + -24 + -2)
24
Calculate -23 - 6 - -28 - (7 - (3 - -2)).
-3
What is the value of (-87 - -70) + 33 + -2?
14
-2 - (8 - ((-10 - -37) + 3))
20
101 + -109 - (1 + -3) - 3
-9
(10 - -1) + -3 - -2
10
11 + (-7 + -8 - 5)
-9
Evaluate 84 - (33 + (25 - 12)).
38
2 - 23 - (-28 - -6 - -18)
-17
Evaluate 32 + 1 - (-2 - 4 - (-29 - -18)).
28
Calculate 11 + -3 + (-27 - -15).
-4
What is the value of 41 + (46 - 84) + 1 + 0 + -1?
3
What is (1 - 11) + (9 - 1) + (1 - 1)?
-2
Calculate 2 + (0 - 1) + (257 - 264).
-6
What is -26 + -9 + 20 + 0?
-15
0 + 6 + (-8 - -2) + (-13 - -13)
0
4 + (-2 - (2 - (1 + 15 + -5)))
11
Evaluate -24 + (-20 - -59) + -12.
3
(-7 - -15 - 23) + 6 - 3
-12
What is the value of 18 + -16 + -2 - (-10 - 1)?
11
Evaluate 17 + -13 - ((0 - 2) + -6) - 5.
7
What is the value of -55 - (1 + -23) - (3 - 4)?
-32
(4 - 3) + 3 - (5 - (8 - -10))
17
What is the value of 26 - (19 + -24 - -17)?
14
What is the value of 6 - (-1 - (-2 + 2)) - (-396 - -401)?
2
What is the value of -176 + 186 + (-2 - 13)?
-5
18 + -7 + 28 + -70
-31
(-1 + 4 - -4) + (-10 - (1 + -6))
2
Calculate (-2 + -6 - -15) + 5 + (2 - 1).
13
Evaluate 24 + -17 + (-4 - (0 + 2 + -5)).
6
Evaluate -2 + 13 + (140 - 123).
28
What is (7 - -14 - 22) + (-1 - 5) + 23?
16
What is 20 + (-18 - (-7 - 10)) - 11?
8
What is the value of -3 - (-4 + (4 - 13))?
10
What is the value of 2 + -26 + -303 + 320?
-7
Calculate (35 + -33 - -12) + (-1 - 0).
13
What is the value of -5 + (0 + -5 - (88 - 95))?
-3
7 - (2 + 38) - (-3 + 4 + 3)
-37
-2 + 1 + (46 - (9 + 14))
22
Evaluate (-14 - (17 + -20)) + 14.
3
(5 - 3) + 3 - 3 - (7 - 0)
-5
Calculate -4 + -1 - (-2 + -21 - (-10 - -3)).
11
(-16 - -2) + 4 + (20 - 5)
5
Calculate 15 + -6 + -39 + 2 + -1.
-29
Evaluate (-38 + 45 - (12 - 0)) + 35 + -39.
-9
Calculate (-13 - -44) + (-9 - 2).
20
95 + -89 - (22 - 1)
-15
Evaluate (-5 - 1) + 2 + -37 + 28.
-13
Calculate 3 - (-2 + 5 + -1 + -3) - 5.
-1
Evaluate 194 - 211 - (-12 - 1).
-4
Calculate 23 + ((-15 - -33) + -31 - -12).
22
Evaluate 7 + -14 + (-14 - -8).
-13
(8 - (-19 + 22)) + -8
-3
Calculate 1 + -8 - ((121 - 115) + -4 + -2).
-7
10 + (17 - (27 - 14))
14
-1 - (17 - 6 - 8 - (-5 - 14))
-23
Evaluate -2 - 13 - (1 - 14).
-2
Calculate -34 + (40 - 14) + -5.
-13
Calculate -32 - (36 - 94) - 37.
-11
Calculate (0 - (18 + -19)) + (-4 - (1 + -4)).
0
What is -14 + (16 - (7 + -3))?
-2
Calculate (-21 - -18 - 3) + (0 - -26).
20
What is the value of 10 - (3 - -4) - (-14 + 18)?
-1
Calculate 9 + (-27 + 14 - -18) + 11.
25
-14 + 3 + 24 - -1
14
What is (-8 - -5) + (1 - 5) - 12?
-19
Calculate (5 - 1) + (6 + 20 - 16 - 44).
-30
Calculate (-32 - -2) + 241 + -226.
-15
Calculate -7 + (-37 + 32 - (-12 - -2)).
-2
-23 - (21 - 16 - 16)
-12
-13 + 18 + (-2 + 4 - (5 - -4))
-2
What is 2 + (2 - 0 - -16) + 82 + -72?
30
Evaluate 4 + (-9 - -1) + -4 + 10.
2
What is 15 - (6 - -19) - (-2 + -4)?
-4
Calculate (10 - 5) + 21 + (11 - 23).
14
What is the value of 16 + (21 - 56) - -21?
2
What is the value of (-4 - (1 - -25)) + 16?
-14
What is 19 + (3 - ((18 - 3) + -6)) + 0?
13
(2 + 2 + -11 - (214 + -214)) + 12
5
Calculate 10 + 0 + -12 + 3 - 14.
-13
What is the value of -4 + 2 - (-22 + 14 - -6)?
0
What is (-17 + 12 - (1 + 2 + -4)) + 14?
10
What is -8 + 1 + 2 - ((-7 - 1) + -5)?
8
Evaluate 16 - (25 + (-42 - -4)).
29
What is the value of (-7 - 24) + 20 + 18?
7
Evaluate 12 - -15 - (-4 + 15).
16
What is the value of -3 + 4 + (-8 + 0 - -2) - -12?
7
What is the value of (20 - (12 - -2) - (-3 - -9)) + -12?
-12
Calculate 17 + (5 - 12) - (11 - -3 - 3).
-1
What is the value of 15 + 2 - (101 + -66)?
-18
Calculate (-11 + 30 - 5) + -22.
-8
Evaluate (4 - 7) + 2 + -8 - (-6 - -21).
-24
What is the value of 1 + -8 - ((2 - 11) + 12)?
-10
Evaluate 8 + (-1 - 1) - (-476 - -453).
29
Calculate -18 + 1 - (-21 + 19 + -3 + 1).
-13
-48 + 29 + (0 - -29)
10
Calculate (1 - -7) + (-18 - 64) + 65.
-9
Evaluate -3 + (2 - -1) + -5 + (73 - 64).
4
Evaluate (3 + -3 - (-2 + (-6 - -3))) + -10.
-5
-3 - (-6 + -4) - 2 - 16
-11
Calculate -7 + -52 + 27 + 17.
-15
-7 - (20 - 32 - (2 - 1))
6
What is the value of -1 - (3 - (5 - -7 - 5))?
3
What is -8 - (-2 - 14 - -12)?
-4
Evaluate 1 - -4 - ((11 - -25) + -4 + -3).
-24
-20 + 19 + (-29 - (-19 + 4))
-15
Evaluate 10 + 14 + -11 + -17.
-4
Calculate -21 - -7 - (19 + -15 + 1).
-19
-29 + 2 + 64 + -20
17
0 - ((-6 - (-4 + -2 + 6)) + 2)
4
Evaluate 0 - (-7 - (-8 - (-21 + 8)) - -1).
11
Evaluate -7 + (8 - (9 - 8 - 6)).
6
16 + -16 + 17 - 10
7
(-2 - (-5 + 4)) + 27 + -21 + 17
22
Calculate (3 - -1) + 4 + -1 - (-23 + 39).
-9
Calculate 17 + 0 + -14 + -4.
-1
Evaluate (206 - 219) + 11 + -1.
-3
Evaluate 150 - 195 - (1 - 11) - -2.
-33
What is 37 - (17 + (-11 - -13))?
18
Evaluate -8 + 8 + 4 + -1.
3
2 + 5 - ((-20 - -21) + (-1 - 5))
12
Calculate 1 + -9 - (4 - ((2 - 6) + 10)).
-6
-14 + 11 + 4 - -7
8
97 - 87 - (5 + -1 + 1 + -1)
6
What is the value of (-30 - -12 - -15) + 34 + 0?
31
-20 + 4 + (30 - 11)
3
Calculate -3 - -2 - (-22 + -8 + 22).
7
Calculate -13 + (-3 - 25 - -16).
-25
What is the value of 34 - ((66 - 30) + 5)?
-7
Evaluate 19 + (23 - (-9 - -54)).
-3
Calculate 25 + -14 + 11 + -13 + (-3 - 2).
4
What is the value of (5 - (7 - 12)) + -12 + -25 - -7?
-20
Calculate -13 - (-3 - -14 - 48).
24
What is the value of -228 + 246 - (2 - 2)?
18
Calculate 92 - 78 - (26 - 1).
-11
What is (10 + (-4 - 0) - (9 + -2)) + 3?
2
What is -6 - (13 + -1 - (1 - (-12 + 7)))?
-12
(-11 - -8) + 3 + 1
1
What is -41 - (24 - 41) - -3?
-21
(2 - ((-13 - (-10 - -7)) + 9)) + 25
28
What is the value of (-26 - -24) + 0 + 24 - (-2 - 6)?
30
Calculate 16 + -2 + -16 - 16.
-18
Calculate 21 + (-7 + -25 - -12).
1
Evaluate (-14 - -58) + -33 + -8.
3
Evaluate (0 - 10 - -2) + -753 + 755.
-6
Calculate 2 - -8 - 18 - (-16 + 1).
7
Evaluate -57 + 53 - (-9 + (1 - -1)).
3
What is -2670 + 2707 - (62 - -1)?
-26
What is -3 + -14 + 4 + 15?
2
Evaluate 5 + (-6 - -16 - (30 - -4)) - -3.
-16
What is the value of (3 - -14) + -13 + -8?
-4
7 - -1 - 13 - 6
-11
Evaluate -18 + (-3 - (28 - 64)).
15
What is (7 - (4 - -7)) + 15?
11
What is (-59 - 0) + (414 - 380)?
-25
Evaluate 25 - ((-5 - -9) + 9).
12
What is the value of (3 - -4) + -3 + (-4 - (-18 - -6))?
12
What is the value of -1 - 9 - (0 - (4 + -10 + 13))?
-3
Calculate 6 + -29 + -5 + 10.
-18
What is (-1 - ((3 - 7) + 10 + -6)) + -4?
-5
Calculate 12 + (16 - (-7 + 31)).
4
-8 - (-17 - (-33 - -62))
38
Evaluate 23 + (-4 - 22) - (-7 - -1).
3
What is -16 + (12 - (4 + -1) - -12)?
5
(152 - 102) + 2 + -24
28
What is the value of (-17 + (8 - -20) - 53) + 9?
-33
Evaluate -1 - 6 - (-5 - (-10 - (7 + -9))).
-10
Evaluate 1 + (-9 - -1) + (-10 - -18) + -6.
-5
(23 - 14 - 18) + 4
-5
Evaluate 4 - 23 - (-1 - 1 - (6 + -2)).
-13
What is -2 + -7 + -4 + 31 - 0?
18
Calculate -40 + 0 - (189 - 197 - (-1 - 2)).
-35
-1 - -2 - (10 - 9) - (-1 + 13)
-12
What is the value of -13 - (-11 + 20 + -11)?
-11
What is the value of (-17 - 7) + -6 - -12?
-18
What is the value of 0 + -1 + 4 + -9 - (-290 - -285)?
-1
What is the value of -12 - -1 - (-362 - -338)?
13
What is the value of 1 + 3 - (24 - 15) - (3 + -1)?
-7
Calculate (-18 - (2 + -9)) + 22 - (-2 - -1).
12
What is the value of -12 + (6 - -5) + -3?
-4
(-8 - -44) + -34 + 8
10
What is -2 + (3 + 2 + 1 - 10)?
-6
Calculate (2 + -1 - (55 + -51)) + -8.
-11
Evaluate (13 - (-1 - -8) - 9) + 13.
10
Evaluate -39 - -18 - (-13 - -1).
-9
What is the value of 8 - (-19 - (-20 + 11))?
18
Evaluate 72 + -81 - (2 - 4).
-7
What is -2 - (9 - (-29 - -34))?
-6
Calculate -123 + 136 + -11 + -7.
-5
What is the value of -679 + 680 + 0 + 1 + -14?
-12
What is (21 - (-49 + 35)) + -52?
-17
-3 + (-24 - (-21 - -9))
-15
Evaluate (-17 - 1) + 2 + (-4 - (-13 - -4)).
-11
Calculate 1 + 2 - (-5 + -18 - -25).
